{"id":325,"date":"2023-08-28T11:38:53","date_gmt":"2023-08-28T16:38:53","guid":{"rendered":"https:\/\/goastra.co\/clientes\/satto\/?page_id=325"},"modified":"2023-08-28T11:51:27","modified_gmt":"2023-08-28T16:51:27","slug":"filosofia","status":"publish","type":"page","link":"https:\/\/goastra.co\/clientes\/satto\/filosofia\/","title":{"rendered":"Filosof\u00eda"},"content":{"rendered":"\t\t<div data-elementor-type=\"wp-page\" data-elementor-id=\"325\" class=\"elementor elementor-325\" data-elementor-post-type=\"page\">\n\t\t\t\t\t\t\t<div class=\"elementor-element elementor-element-97306a9 e-con-full e-flex e-con e-parent\" data-id=\"97306a9\" data-element_type=\"container\" data-settings=\"{&quot;content_width&quot;:&quot;full&quot;}\" data-core-v316-plus=\"true\">\n\t\t\t\t<div class=\"elementor-element elementor-element-a2e9abd elementor-widget elementor-widget-text-editor\" data-id=\"a2e9abd\" data-element_type=\"widget\" data-widget_type=\"text-editor.default\">\n\t\t\t\t<div class=\"elementor-widget-container\">\n\t\t\t<style>\/*! elementor - v3.16.0 - 17-10-2023 *\/\n.elementor-widget-text-editor.elementor-drop-cap-view-stacked .elementor-drop-cap{background-color:#69727d;color:#fff}.elementor-widget-text-editor.elementor-drop-cap-view-framed .elementor-drop-cap{color:#69727d;border:3px solid;background-color:transparent}.elementor-widget-text-editor:not(.elementor-drop-cap-view-default) .elementor-drop-cap{margin-top:8px}.elementor-widget-text-editor:not(.elementor-drop-cap-view-default) .elementor-drop-cap-letter{width:1em;height:1em}.elementor-widget-text-editor .elementor-drop-cap{float:left;text-align:center;line-height:1;font-size:50px}.elementor-widget-text-editor .elementor-drop-cap-letter{display:inline-block}<\/style>\t\t\t\tHemos visto como en un mundo lleno de visiones y misiones empresariales, los sue\u00f1os y prop\u00f3sitos personales y humanos fueron quedando relegados a lugares donde no entra mucho la luz, ni muy a menudo.<br> Nuestras vidas y pasiones, nuestra esencia y humanidad fueron llen\u00e1ndose de balances, ganancias, acciones, rendimientos y factores de medida y orden que, si bien los consideramos absolutamente necesarios en lo que realmente lo son, tambi\u00e9n estamos convencidos que no son, de ninguna manera, las herramientas de medida para entender nuestra existencia. De ser as\u00ed, creer\u00edamos que toda esperanza de alegr\u00eda y felicidad estar\u00edan descartadas como parte de nuestras emociones naturales.\t\t\t\t\t\t<\/div>\n\t\t\t\t<\/div>\n\t\t\t\t<div class=\"elementor-element elementor-element-890bd5e elementor-widget-divider--view-line elementor-widget elementor-widget-divider\" data-id=\"890bd5e\" data-element_type=\"widget\" data-widget_type=\"divider.default\">\n\t\t\t\t<div class=\"elementor-widget-container\">\n\t\t\t<style>\/*! elementor - v3.16.0 - 17-10-2023 *\/\n.elementor-widget-divider{--divider-border-style:none;--divider-border-width:1px;--divider-color:#0c0d0e;--divider-icon-size:20px;--divider-element-spacing:10px;--divider-pattern-height:24px;--divider-pattern-size:20px;--divider-pattern-url:none;--divider-pattern-repeat:repeat-x}.elementor-widget-divider .elementor-divider{display:flex}.elementor-widget-divider .elementor-divider__text{font-size:15px;line-height:1;max-width:95%}.elementor-widget-divider .elementor-divider__element{margin:0 var(--divider-element-spacing);flex-shrink:0}.elementor-widget-divider .elementor-icon{font-size:var(--divider-icon-size)}.elementor-widget-divider .elementor-divider-separator{display:flex;margin:0;direction:ltr}.elementor-widget-divider--view-line_icon .elementor-divider-separator,.elementor-widget-divider--view-line_text .elementor-divider-separator{align-items:center}.elementor-widget-divider--view-line_icon .elementor-divider-separator:after,.elementor-widget-divider--view-line_icon .elementor-divider-separator:before,.elementor-widget-divider--view-line_text .elementor-divider-separator:after,.elementor-widget-divider--view-line_text .elementor-divider-separator:before{display:block;content:\"\";border-bottom:0;flex-grow:1;border-top:var(--divider-border-width) var(--divider-border-style) var(--divider-color)}.elementor-widget-divider--element-align-left .elementor-divider .elementor-divider-separator>.elementor-divider__svg:first-of-type{flex-grow:0;flex-shrink:100}.elementor-widget-divider--element-align-left .elementor-divider-separator:before{content:none}.elementor-widget-divider--element-align-left .elementor-divider__element{margin-left:0}.elementor-widget-divider--element-align-right .elementor-divider .elementor-divider-separator>.elementor-divider__svg:last-of-type{flex-grow:0;flex-shrink:100}.elementor-widget-divider--element-align-right .elementor-divider-separator:after{content:none}.elementor-widget-divider--element-align-right .elementor-divider__element{margin-right:0}.elementor-widget-divider:not(.elementor-widget-divider--view-line_text):not(.elementor-widget-divider--view-line_icon) .elementor-divider-separator{border-top:var(--divider-border-width) var(--divider-border-style) var(--divider-color)}.elementor-widget-divider--separator-type-pattern{--divider-border-style:none}.elementor-widget-divider--separator-type-pattern.elementor-widget-divider--view-line .elementor-divider-separator,.elementor-widget-divider--separator-type-pattern:not(.elementor-widget-divider--view-line) .elementor-divider-separator:after,.elementor-widget-divider--separator-type-pattern:not(.elementor-widget-divider--view-line) .elementor-divider-separator:before,.elementor-widget-divider--separator-type-pattern:not([class*=elementor-widget-divider--view]) .elementor-divider-separator{width:100%;min-height:var(--divider-pattern-height);-webkit-mask-size:var(--divider-pattern-size) 100%;mask-size:var(--divider-pattern-size) 100%;-webkit-mask-repeat:var(--divider-pattern-repeat);mask-repeat:var(--divider-pattern-repeat);background-color:var(--divider-color);-webkit-mask-image:var(--divider-pattern-url);mask-image:var(--divider-pattern-url)}.elementor-widget-divider--no-spacing{--divider-pattern-size:auto}.elementor-widget-divider--bg-round{--divider-pattern-repeat:round}.rtl .elementor-widget-divider .elementor-divider__text{direction:rtl}.e-con-inner>.elementor-widget-divider,.e-con>.elementor-widget-divider{width:var(--container-widget-width,100%);--flex-grow:var(--container-widget-flex-grow)}<\/style>\t\t<div class=\"elementor-divider\">\n\t\t\t<span class=\"elementor-divider-separator\">\n\t\t\t\t\t\t<\/span>\n\t\t<\/div>\n\t\t\t\t<\/div>\n\t\t\t\t<\/div>\n\t\t\t\t<div class=\"elementor-element elementor-element-0f4673a elementor-widget elementor-widget-text-editor\" data-id=\"0f4673a\" data-element_type=\"widget\" data-widget_type=\"text-editor.default\">\n\t\t\t\t<div class=\"elementor-widget-container\">\n\t\t\t\t\t\t\t<p>Las empresas, independientes de su tama\u00f1o y sector en el que se desempe\u00f1en, son modeladoras de la sociedad. Partiendo de este fundamento sea cual sea el proyecto idea o iniciativa pensamos, si las empresas modelan en gran medida la sociedad y est\u00e1 compuesta de vidas humanas, \u00bfA qu\u00e9 humanidad estamos contribuyendo? \u00bfSomos felices? \u00bfNos importa lo importante? \u00bfTenemos oportunidades de desarrollo econ\u00f3mico emocional y personal? Entendimos que dedicar\u00edamos todo el esfuerzo para crear empresas con mas consciencia social y humana; decidimos reclamar para nosotros la misi\u00f3n de \u201cLa reinvenci\u00f3n de modelos empresariales\u201d donde jueguen otro tipo de factores, donde las ganancias sean solo una parte de los medidores de \u00e9xito a considerar, donde las vidas humanas que est\u00e1n involucradas a cualquier nivel en la operaci\u00f3n obtengan de su trabajo mas de lo que tradicionalmente han obtenido, y que su labor en el d\u00eda a d\u00eda sea una fuente de crecimiento, superaci\u00f3n, alegr\u00eda, consciencia y sirva de plataforma donde sus familias encuentren bienestar m\u00e1s all\u00e1 de la remuneraci\u00f3n tradicional.<\/p><p>Satto, una empresa dedicada al sector industrial y con un producto y un servicio comprometido, naturalmente, con la calidad y la excelencia, emprende el camino de conciencia y desarrollo humano basado en la profunda convicci\u00f3n de reformular la manera en la que nos relacionamos con nuestro lugar de trabajo. <br \/>Seremos promovedores de la vida con esencia, del desarrollo en todos los aspectos de nuestros colaboradores, de fomentar el capitalismo consciente dentro de nuestras decisiones y con la ilusi\u00f3n de inspirar a m\u00e1s empresas a hacer lo mismo dentro de nuestra industria y todas las dem\u00e1s donde las ganancias sean solo una parte de los medidores de \u00e9xito a considerar, donde las vidas humanas que est\u00e1n involucradas a cualquier nivel en la operaci\u00f3n obtengan de su trabajo m\u00e1s de lo que tradicionalmente han obtenido y que su labor en el d\u00eda a d\u00eda sea una fuente de crecimiento, superaci\u00f3n, alegr\u00eda, consciencia y sirva de plataforma donde las familias encuentren bienestar m\u00e1s all\u00e1 de la remuneraci\u00f3n tradicional. <br \/>Queremos convertirnos, no en el modelo a seguir, porque entendemos que hay muchas formas posibles de hacerlo y la nuestra obedece solamente a una de esas muchas formas, pero si en una muestra desinteresada del \u201cs\u00ed es posible\u201d, incluso en un sector \u201cas\u00ed\u201d, incluso con la econom\u00eda \u201cas\u00ed\u201d, en un pa\u00eds \u201cas\u00ed\u201d, y en una tradici\u00f3n empresarial \u201cas\u00ed\u201d.<br \/>Queremos desafiar todos los \u201cas\u00ed\u201d del camino, y demostrarnos lo posible que es cambiar las reglas del juego, pensar en los dem\u00e1s de una forma m\u00e1s activa, generar valor de manera equilibrada, y que los empleos que generemos se conviertan en s\u00ed mismos en generadores de experiencias, crecimiento y desarrollo. <br \/>Estamos convencidos que la mayor suerte del tener est\u00e1 en el compartir, por eso nos comprometemos a que la transparencia del vidrio que hacemos sea tambi\u00e9n la inspiraci\u00f3n para nuestras decisiones, porque estamos seguros que all\u00ed donde entra la luz del sol, siempre habr\u00e1 un presente y un futuro prometedor.<\/p>\t\t\t\t\t\t<\/div>\n\t\t\t\t<\/div>\n\t\t\t\t<\/div>\n\t\t\t\t\t\t\t<\/div>\n\t\t","protected":false},"excerpt":{"rendered":"<p>Hemos visto como en un mundo lleno de visiones y misiones empresariales, los sue\u00f1os y prop\u00f3sitos personales y humanos fueron quedando relegados a lugares donde no entra mucho la luz, ni muy a menudo. Nuestras vidas y pasiones, nuestra esencia y humanidad fueron llen\u00e1ndose de balances, ganancias, acciones, rendimientos y factores de medida y orden [&hellip;]<\/p>\n","protected":false},"author":1,"featured_media":0,"parent":0,"menu_order":0,"comment_status":"closed","ping_status":"closed","template":"","meta":{"footnotes":""},"class_list":["post-325","page","type-page","status-publish","hentry"],"yoast_head":"<!-- This site is optimized with the Yoast SEO plugin v21.4 - https:\/\/yoast.com\/wordpress\/plugins\/seo\/ -->\n<title>Filosof\u00eda - Satto<\/title>\n<meta name=\"robots\" content=\"index, follow, max-snippet:-1, max-image-preview:large, max-video-preview:-1\" \/>\n<link rel=\"canonical\" href=\"https:\/\/goastra.co\/clientes\/satto\/filosofia\/\" \/>\n<meta property=\"og:locale\" content=\"es_ES\" \/>\n<meta property=\"og:type\" content=\"article\" \/>\n<meta property=\"og:title\" content=\"Filosof\u00eda - Satto\" \/>\n<meta property=\"og:description\" content=\"Hemos visto como en un mundo lleno de visiones y misiones empresariales, los sue\u00f1os y prop\u00f3sitos personales y humanos fueron quedando relegados a lugares donde no entra mucho la luz, ni muy a menudo. Nuestras vidas y pasiones, nuestra esencia y humanidad fueron llen\u00e1ndose de balances, ganancias, acciones, rendimientos y factores de medida y orden [&hellip;]\" \/>\n<meta property=\"og:url\" content=\"https:\/\/goastra.co\/clientes\/satto\/filosofia\/\" \/>\n<meta property=\"og:site_name\" content=\"Satto\" \/>\n<meta property=\"article:modified_time\" content=\"2023-08-28T16:51:27+00:00\" \/>\n<meta name=\"twitter:card\" content=\"summary_large_image\" \/>\n<meta name=\"twitter:label1\" content=\"Tiempo estimado de lectura\" \/>\n\t<meta name=\"twitter:data1\" content=\"3 minutos\" \/>\n<script type=\"application\/ld+json\" class=\"yoast-schema-graph\">{\"@context\":\"https:\/\/schema.org\",\"@graph\":[{\"@type\":\"WebPage\",\"@id\":\"https:\/\/goastra.co\/clientes\/satto\/filosofia\/\",\"url\":\"https:\/\/goastra.co\/clientes\/satto\/filosofia\/\",\"name\":\"Filosof\u00eda - Satto\",\"isPartOf\":{\"@id\":\"https:\/\/goastra.co\/clientes\/satto\/#website\"},\"datePublished\":\"2023-08-28T16:38:53+00:00\",\"dateModified\":\"2023-08-28T16:51:27+00:00\",\"inLanguage\":\"es-CO\",\"potentialAction\":[{\"@type\":\"ReadAction\",\"target\":[\"https:\/\/goastra.co\/clientes\/satto\/filosofia\/\"]}]},{\"@type\":\"WebSite\",\"@id\":\"https:\/\/goastra.co\/clientes\/satto\/#website\",\"url\":\"https:\/\/goastra.co\/clientes\/satto\/\",\"name\":\"Satto\",\"description\":\"origen + transformaci\u00f3n + armon\u00eda\",\"potentialAction\":[{\"@type\":\"SearchAction\",\"target\":{\"@type\":\"EntryPoint\",\"urlTemplate\":\"https:\/\/goastra.co\/clientes\/satto\/?s={search_term_string}\"},\"query-input\":\"required name=search_term_string\"}],\"inLanguage\":\"es-CO\"}]}<\/script>\n<!-- \/ Yoast SEO plugin. -->","yoast_head_json":{"title":"Filosof\u00eda - Satto","robots":{"index":"index","follow":"follow","max-snippet":"max-snippet:-1","max-image-preview":"max-image-preview:large","max-video-preview":"max-video-preview:-1"},"canonical":"https:\/\/goastra.co\/clientes\/satto\/filosofia\/","og_locale":"es_ES","og_type":"article","og_title":"Filosof\u00eda - Satto","og_description":"Hemos visto como en un mundo lleno de visiones y misiones empresariales, los sue\u00f1os y prop\u00f3sitos personales y humanos fueron quedando relegados a lugares donde no entra mucho la luz, ni muy a menudo. Nuestras vidas y pasiones, nuestra esencia y humanidad fueron llen\u00e1ndose de balances, ganancias, acciones, rendimientos y factores de medida y orden [&hellip;]","og_url":"https:\/\/goastra.co\/clientes\/satto\/filosofia\/","og_site_name":"Satto","article_modified_time":"2023-08-28T16:51:27+00:00","twitter_card":"summary_large_image","twitter_misc":{"Tiempo estimado de lectura":"3 minutos"},"schema":{"@context":"https:\/\/schema.org","@graph":[{"@type":"WebPage","@id":"https:\/\/goastra.co\/clientes\/satto\/filosofia\/","url":"https:\/\/goastra.co\/clientes\/satto\/filosofia\/","name":"Filosof\u00eda - Satto","isPartOf":{"@id":"https:\/\/goastra.co\/clientes\/satto\/#website"},"datePublished":"2023-08-28T16:38:53+00:00","dateModified":"2023-08-28T16:51:27+00:00","inLanguage":"es-CO","potentialAction":[{"@type":"ReadAction","target":["https:\/\/goastra.co\/clientes\/satto\/filosofia\/"]}]},{"@type":"WebSite","@id":"https:\/\/goastra.co\/clientes\/satto\/#website","url":"https:\/\/goastra.co\/clientes\/satto\/","name":"Satto","description":"origen + transformaci\u00f3n + armon\u00eda","potentialAction":[{"@type":"SearchAction","target":{"@type":"EntryPoint","urlTemplate":"https:\/\/goastra.co\/clientes\/satto\/?s={search_term_string}"},"query-input":"required name=search_term_string"}],"inLanguage":"es-CO"}]}},"_links":{"self":[{"href":"https:\/\/goastra.co\/clientes\/satto\/wp-json\/wp\/v2\/pages\/325","targetHints":{"allow":["GET"]}}],"collection":[{"href":"https:\/\/goastra.co\/clientes\/satto\/wp-json\/wp\/v2\/pages"}],"about":[{"href":"https:\/\/goastra.co\/clientes\/satto\/wp-json\/wp\/v2\/types\/page"}],"author":[{"embeddable":true,"href":"https:\/\/goastra.co\/clientes\/satto\/wp-json\/wp\/v2\/users\/1"}],"replies":[{"embeddable":true,"href":"https:\/\/goastra.co\/clientes\/satto\/wp-json\/wp\/v2\/comments?post=325"}],"version-history":[{"count":7,"href":"https:\/\/goastra.co\/clientes\/satto\/wp-json\/wp\/v2\/pages\/325\/revisions"}],"predecessor-version":[{"id":340,"href":"https:\/\/goastra.co\/clientes\/satto\/wp-json\/wp\/v2\/pages\/325\/revisions\/340"}],"wp:attachment":[{"href":"https:\/\/goastra.co\/clientes\/satto\/wp-json\/wp\/v2\/media?parent=325"}],"curies":[{"name":"wp","href":"https:\/\/api.w.org\/{rel}","templated":true}]}}